{"id":3674,"date":"2025-07-24T10:36:54","date_gmt":"2025-07-24T10:36:54","guid":{"rendered":"https:\/\/iptvportugal.fun\/?post_type=product&#038;p=3674"},"modified":"2025-07-31T10:30:16","modified_gmt":"2025-07-31T10:30:16","slug":"iptv-portugal-1-mes","status":"publish","type":"product","link":"https:\/\/iptvportugal.fun\/iptv\/product\/iptv-portugal-1-mes\/","title":{"rendered":"Subscri\u00e7\u00e3o de IPTV de 1 m\u00eas"},"content":{"rendered":"<p>Ol\u00e1, f\u00e3s de divers\u00e3o! Estejam prontos para desfrutar de um plano m\u00e1gico de IPTV de um m\u00eas que vai impulsionar a forma como veem <a href=\"https:\/\/en.wikipedia.org\/wiki\/Television\">TV<\/a>. Aproveite esta oferta incr\u00edvel para ter um monte de canais e coisas para ver quando quiser durante um m\u00eas inteiro, colocando boa divers\u00e3o mesmo \u00e0 sua frente. Saiba tudo o que h\u00e1 para saber sobre a <a href=\"https:\/\/iptvportugal.fun\/\">IPTV Portugal <\/a>que pode ser acedida durante um m\u00eas na iptvportugal tech. Esta subscri\u00e7\u00e3o trata dos seus gostos por filmes, programas de TV, desporto e coisas de outros pa\u00edses.<br \/>\nUma hip\u00f3tese de apimentar a forma como se diverte, indo para o alto, est\u00e1 aqui, por isso aproveite agora.<\/p>\n<h2>Uma vis\u00e3o geral de uma subscri\u00e7\u00e3o de IPTV durante um m\u00eas.<\/h2>\n<p>Quer uma viagem de divers\u00e3o sem igual? A nossa TV por Internet de um m\u00eas serve todos, com muitos canais, desde desporto a programas engra\u00e7ados.<br \/>\nAssista a uma variedade de s\u00e9ries de televis\u00e3o populares, filmes da vida real e outros programas hilariantes. Divirta-se com os seus pr\u00f3prios n\u00e3tidos e n\u00e3tidos enquanto assiste a v\u00eddeos da web que nunca viu.<br \/>\nVer sempre filmes novos \u00e9 quase como ter uma festa de cinema louca todos os dias, dando-nos uma alegria muito refrescante.<br \/>\nAntes que desapare\u00e7a, agarre esta hip\u00f3tese bizarra de ver um programa cool de verdade!<\/p>\n<h3>Veja um monte de canais bem doidinhos.<\/h3>\n<p>Por um pre\u00e7o fixo por m\u00eas, o <strong>IPTV<\/strong> permite ver muitos programas de TV, filmes, desporto pago e coisas em direto, tornando-se uma forma f\u00e1cil e barata de se divertir a ver v\u00eddeos.<br \/>\nAdquira uma cara de IPTV que tenha pagamentos seguros e regras de devolu\u00e7\u00e3o male\u00e1veis.<br \/>\nAo utilizar um e-mail secreto quando se registam, as pessoas evitam que os sites de coisas revelem dados suas. O EPG (Guia<\/p>\n<p>Electr\u00f3nico de Programa\u00e7\u00e3o) da IPTV oferece um r\u00e1pido resumo dos programas e espect\u00e1culos actualmente em exibi\u00e7\u00e3o em Portugal.<br \/>\nPode utilizar as suas aplica\u00e7\u00f5es pr\u00e9-direito quando e onde quiser, gra\u00e7as a uma s\u00e9rie de servi\u00e7os que tamb\u00e9m lhe oferecem um ajuste perfeito do dispositivo sem cobrar mais. Na <strong>Iptvportugal tech<\/strong>, h\u00e1 desporto, filmes reais e programas de TV de outros pa\u00edses. Loja \u00e9 um programa de televis\u00e3o muito conhecido na internet.<br \/>\nDesligavam sempre os seus port\u00e1teis com apreens\u00f5es que detestavam lentid\u00e3o para manter a ordem.<br \/>\nT\u00eam tamb\u00e9m um mimo gr\u00e1tis para quem estiver curioso para provar. Durante um m\u00eas, experimente o melhor entretenimento da IPTV Portugal 1 m\u00eas subscrevendo j\u00e1 o servi\u00e7o.<\/p>\n<h3>Inscri\u00e7\u00e3o IPTV por 30 dias para ver os servi\u00e7os online.<\/h3>\n<p>Durante um ciclo lunar, a <strong>IPTV<\/strong> oferece um acesso sem limites a uma vasta gama de canais e programas on-demand, chegando mesmo a atrair programas gringos, eventos desportivos, s\u00e9ries televisivas e fitas cinematogr\u00e1ficas.<br \/>\nDesfrute tamb\u00e9m de alguns filmes bizarros aqui, uma vez que poder\u00e1 ver todos os aspetos do bugiganga.<\/p>\n<p>Dependendo do fluxo m\u00e1gico que escolher, muitas escolhas engra\u00e7adas est\u00e3o l\u00e1.<br \/>\nEnquanto uns gajos d\u00e3o uns filmes e uns v\u00eddeos mesmo na hora que tu queres, outros d\u00e3o-te uns canais de TV a bombar em direto.<br \/>\nPor norma, h\u00e1 espa\u00e7o para v\u00e1rios visores, rever a TV e guias de canais.<br \/>\nSe um utilizador quiser ver mais do seu estilo, tom ou m\u00fasica, pode subscrever a sua conta em IPTV, ao contr\u00e1rio da TV tradicional.<br \/>\nAl\u00e9m disso, os acordos comuns podem mostrar requisitos se tentar quebr\u00e1-los ou mesmo desfaz\u00ea-los.<\/p>\n<p>Para ajudar os clientes a encontrar a forma ideal de pagar, os vendedores de IPTV mostram v\u00e1rios caminhos diferentes.<br \/>\nBancos online e aplica\u00e7\u00f5es esquisitas como o PayPal deixam-no pagar f\u00e1cil, vendo onde o seu rico dinheirinho alguns e organizando-se.<\/p>\n<h3>Aproveite para ver filmes bem giros.<\/h3>\n<p>Os servi\u00e7os de IPTV oferecem um fluxo de alta qualidade e fornecem aos utilizadores acesso a um monte de coisas.<br \/>\nTroque de aparelho como se fosse m\u00e1gico, e veja os seus filmes e s\u00e9ries em HD sem parar, como um rio que n\u00e3o seca.<br \/>\nUnir um monte de aparelhos vai ser canja para si.<\/p>\n<p>H\u00e1 muitas caras de <strong>IPTV<\/strong> por a\u00ed, cada uma delas com canais e curiosidades s\u00f3 deles.<br \/>\nUm famoso vendedor de TV pela internet, o Apollo Group TV, tem muitas op\u00e7\u00f5es de canais, uma enorme cole\u00e7\u00e3o de filmes e s\u00e9ries, e uma hip\u00f3tese de ver de novo os programas que j\u00e1 passaram antes.<\/p>\n<p><strong>Na IPTV PT, os espectadores podem escolher entre uma grande variedade de filmes e s\u00e9ries em HD. O servi\u00e7o inclui:<\/strong><\/p>\n<ul>\n<li>Um guia de programa\u00e7\u00e3o eletr\u00f3nico (EPG).<\/li>\n<li>Diversas formas de pagamento dispon\u00edveis.<\/li>\n<li>Assist\u00eancia 24 horas por dia para clientes.<\/li>\n<li>Compatibilidade com diversos dispositivos.<\/li>\n<li>Um design f\u00e1cil de navegar.<\/li>\n<\/ul>\n<p>Selecione um fornecedor de <strong>IPTV<\/strong> com qualidade 4K e caracter\u00edsticas como desporto ao vivo e filmes on-demand para uma melhor experi\u00eancia de streaming. Geralmente, estes servi\u00e7os incluem conte\u00fados premium e per\u00edodos de teste gratuitos de IPTV. A <strong>Iptvportugal<\/strong> Tech cobre uma vasta gama de eventos desportivos, incluindo SKY, BT, ESPN, beIN, Optus, Astro, DAZN, PPV, Spark, Now Premier, UEFA Nations League, iFollow, corridas, entre muitos outros. Estaria interessada em analisar essa possibilidade.<\/p>\n<h3>Os truques da tecnologia Iptvportugal<\/h3>\n<ul>\n<li>Mais de 24 mil tubos com v\u00eddeos em direto.<\/li>\n<li>Mais de 93 milh\u00f5es de filmes e s\u00e9ries de televis\u00e3o est\u00e3o dispon\u00edveis atrav\u00e9s de servi\u00e7os de streaming.<\/li>\n<li>Programas incr\u00edveis na sua TV em 4K super fixe.<\/li>\n<li>Chegada r\u00e1pida.<\/li>\n<li>Atualiza\u00e7\u00e3o gratuita.<\/li>\n<li>Tecnologia GeloZeroTM 3.1.<\/li>\n<li>A ajuda est\u00e1 l\u00e1 o tempo todo, todos os dias.<\/li>\n<li>Ecr\u00e3 inteligente, varinha m\u00e1gica, caixa sonhadora.<\/li>\n<li>Os canais PPV ganham vida.<\/li>\n<li>Nenhum ser humano consegue compreender qualquer tipo de negocia\u00e7\u00e3o.<\/li>\n<\/ul>\n<h3>Uma das coisas mais loucas de ter IPTV todos os meses \u00e9 que funciona com um escudo secreto.<\/h3>\n<ol>\n<li>Canais: 20 pacotes de v\u00eddeos, como um sonho bizarro.<\/li>\n<li>Os locais no mapa mostram os EUA, Canad\u00e1, IPTV e outras terras.<\/li>\n<li>O estado do ponto IPTV: Aberto.<\/li>\n<li>As melhores op\u00e7\u00f5es para pagar contas s\u00e3o atrav\u00e9s do amigo virtual PayPal e das bolsas banc\u00e1rias.<\/li>\n<li>Funciona bem com outras coisas, tipo Apple Fire Sticks. TVs inteligentes, telem\u00f3veis Android da LG e Samsung tamb\u00e9m, e ainda os dispositivos iOS.<\/li>\n<li>Experimente gratuitamente: Sim.<\/li>\n<li>Ajuda gratuita e novidades loucas est\u00e3o sempre dispon\u00edveis. Aumente a sua divers\u00e3o com coisas estranhas.<\/li>\n<\/ol>\n<p>Este passe <a href=\"https:\/\/iptvportugal.fun\/\">IPTV<\/a> vai deix\u00e1-lo feliz se quiser mais canais e coisas super giras para ver.<br \/>\nEntre as muitas formas de lazer dadas com um m\u00eas de servi\u00e7o est\u00e3o filmes, programas na TV, coisas de desporto e traquinices de outros pa\u00edses. Desfrute de um m\u00eas completo de canais ao vivo e conte\u00fados on-demand com IPTV Portugal 1 m\u00eas para uma experi\u00eancia de streaming incompar\u00e1vel.<\/p>\n<h4>Desbloqueie 1 M\u00eas de Divers\u00e3o com IPTV Portugal<\/h4>\n<p>Registe-se agora mesmo para aproveitar esta oferta incr\u00edvel e desbloquear um m\u00eas inteiro de coisas divertidas de primeira.<br \/>\nA <strong>Iptvportugal Tech<\/strong> \u00e9 tipo, um site de streaming completo, percebes? Tudo o que precisa \u00e9 de um computador e de algum dispositivo.<br \/>\nA Freez s\u00f3 precisa de uma antena parab\u00f3lica, daquelas que se v\u00eaem nas casas, nada mais. <strong>IPTV em Portugal<\/strong> Um m\u00eas de filmes on demand, milh\u00f5es de d\u00f3lares canadianos e emiss\u00e3o 4K.<\/p>\n<p>Como estamos constantemente focados em servir os nossos clientes, muitos dos que utilizam o nosso servi\u00e7o consideram que somos o melhor <a href=\"https:\/\/iptvportugal.fun\/\">IPTV em Portugal<\/a>.<br \/>\nInscreva-se na IPTV para dicas de montagem e de difus\u00e3o que valem em cada aparelho e em cada canto do planeta.<br \/>\nO nosso IPTV atualiza-se sozinho, colocando novos canais e melhores formas de ver, para que s\u00f3 se sente e aproveite os seus programas de boas.<\/p>\n<p>&nbsp;<\/p>\n","protected":false},"excerpt":{"rendered":"<p>Pode ter o melhor entretenimento dispon\u00edvel com uma subscri\u00e7\u00e3o de 1 m\u00eas de IPTV. Tenha acesso a uma vasta gama de canais de TV, incluindo estrangeiros e premium. Assista a uma enorme sele\u00e7\u00e3o de filmes e programas de televis\u00e3o em HD de cortar a respira\u00e7\u00e3o. Pode desfrutar de streaming sem interrup\u00e7\u00f5es em v\u00e1rios dispositivos gra\u00e7as ao nosso servi\u00e7o fi\u00e1vel e design intuitivo. Descola imediatamente e entre num mundo de entretenimento sem limites.<\/p>\n","protected":false},"featured_media":3683,"comment_status":"open","ping_status":"closed","template":"","meta":{"site-sidebar-layout":"default","site-content-layout":"","ast-site-content-layout":"default","site-content-style":"default","site-sidebar-style":"default","ast-global-header-display":"","ast-banner-title-visibility":"","ast-main-header-display":"","ast-hfb-above-header-display":"","ast-hfb-below-header-display":"","ast-hfb-mobile-header-display":"","site-post-title":"","ast-breadcrumbs-content":"","ast-featured-img":"","footer-sml-layout":"","ast-disable-related-posts":"","theme-transparent-header-meta":"default","adv-header-id-meta":"","stick-header-meta":"","header-above-stick-meta":"","header-main-stick-meta":"","header-below-stick-meta":"","astra-migrate-meta-layouts":"set","ast-page-background-enabled":"default","ast-page-background-meta":{"desktop":{"background-color":"var(--ast-global-color-5)","background-image":"","background-repeat":"repeat","background-position":"center center","background-size":"auto","background-attachment":"scroll","background-type":"","background-media":"","overlay-type":"","overlay-color":"","overlay-opacity":"","overlay-gradient":""},"tablet":{"background-color":"","background-image":"","background-repeat":"repeat","background-position":"center center","background-size":"auto","background-attachment":"scroll","background-type":"","background-media":"","overlay-type":"","overlay-color":"","overlay-opacity":"","overlay-gradient":""},"mobile":{"background-color":"","background-image":"","background-repeat":"repeat","background-position":"center center","background-size":"auto","background-attachment":"scroll","background-type":"","background-media":"","overlay-type":"","overlay-color":"","overlay-opacity":"","overlay-gradient":""}},"ast-content-background-meta":{"desktop":{"background-color":"var(--ast-global-color-4)","background-image":"","background-repeat":"repeat","background-position":"center center","background-size":"auto","background-attachment":"scroll","background-type":"","background-media":"","overlay-type":"","overlay-color":"","overlay-opacity":"","overlay-gradient":""},"tablet":{"background-color":"var(--ast-global-color-4)","background-image":"","background-repeat":"repeat","background-position":"center center","background-size":"auto","background-attachment":"scroll","background-type":"","background-media":"","overlay-type":"","overlay-color":"","overlay-opacity":"","overlay-gradient":""},"mobile":{"background-color":"var(--ast-global-color-4)","background-image":"","background-repeat":"repeat","background-position":"center center","background-size":"auto","background-attachment":"scroll","background-type":"","background-media":"","overlay-type":"","overlay-color":"","overlay-opacity":"","overlay-gradient":""}}},"product_brand":[],"product_cat":[44],"product_tag":[35,38,34,37,33,39],"class_list":{"0":"post-3674","1":"product","2":"type-product","3":"status-publish","4":"has-post-thumbnail","6":"product_cat-iptv","7":"product_tag-iptv-4k","8":"product_tag-iptv-barato-portugal","9":"product_tag-iptv-canais-hd","10":"product_tag-iptv-mensal","11":"product_tag-iptv-subscricao","12":"product_tag-streaming-em-portugal","13":"desktop-align-left","14":"tablet-align-left","15":"mobile-align-left","17":"first","18":"instock","19":"virtual","20":"purchasable","21":"product-type-simple"},"yoast_head":"<!-- This site is optimized with the Yoast SEO plugin v27.3 - https:\/\/yoast.com\/product\/yoast-seo-wordpress\/ -->\n<title>IPTV Portugal 1 m\u00eas<\/title>\n<meta name=\"description\" content=\"Desfrute do melhor entretenimento com IPTV Portugal 1 m\u00eas. Acesse milhares de canais, filmes e s\u00e9ries em alta qualidade com total flexibilidade.\" \/>\n<meta name=\"robots\" content=\"index, follow, max-snippet:-1, max-image-preview:large, max-video-preview:-1\" \/>\n<link rel=\"canonical\" href=\"https:\/\/iptvportugal.fun\/iptv\/product\/iptv-portugal-1-mes\/\" \/>\n<meta property=\"og:locale\" content=\"en_US\" \/>\n<meta property=\"og:type\" content=\"article\" \/>\n<meta property=\"og:title\" content=\"IPTV Portugal 1 m\u00eas\" \/>\n<meta property=\"og:description\" content=\"Desfrute do melhor entretenimento com IPTV Portugal 1 m\u00eas. Acesse milhares de canais, filmes e s\u00e9ries em alta qualidade com total flexibilidade.\" \/>\n<meta property=\"og:url\" content=\"https:\/\/iptvportugal.fun\/iptv\/product\/iptv-portugal-1-mes\/\" \/>\n<meta property=\"og:site_name\" content=\"IPTV PORTUGAL\" \/>\n<meta property=\"article:modified_time\" content=\"2025-07-31T10:30:16+00:00\" \/>\n<meta property=\"og:image\" content=\"https:\/\/iptvportugal.fun\/wp-content\/uploads\/2025\/07\/24000-Live-Channels.png\" \/>\n\t<meta property=\"og:image:width\" content=\"300\" \/>\n\t<meta property=\"og:image:height\" content=\"300\" \/>\n\t<meta property=\"og:image:type\" content=\"image\/png\" \/>\n<meta name=\"twitter:card\" content=\"summary_large_image\" \/>\n<meta name=\"twitter:label1\" content=\"Est. reading time\" \/>\n\t<meta name=\"twitter:data1\" content=\"6 minutes\" \/>\n<script type=\"application\/ld+json\" class=\"yoast-schema-graph\">{\"@context\":\"https:\\\/\\\/schema.org\",\"@graph\":[{\"@type\":\"WebPage\",\"@id\":\"https:\\\/\\\/iptvportugal.fun\\\/iptv\\\/product\\\/iptv-portugal-1-mes\\\/\",\"url\":\"https:\\\/\\\/iptvportugal.fun\\\/iptv\\\/product\\\/iptv-portugal-1-mes\\\/\",\"name\":\"IPTV Portugal 1 m\u00eas\",\"isPartOf\":{\"@id\":\"https:\\\/\\\/iptvportugal.fun\\\/iptv\\\/#website\"},\"primaryImageOfPage\":{\"@id\":\"https:\\\/\\\/iptvportugal.fun\\\/iptv\\\/product\\\/iptv-portugal-1-mes\\\/#primaryimage\"},\"image\":{\"@id\":\"https:\\\/\\\/iptvportugal.fun\\\/iptv\\\/product\\\/iptv-portugal-1-mes\\\/#primaryimage\"},\"thumbnailUrl\":\"https:\\\/\\\/iptvportugal.fun\\\/wp-content\\\/uploads\\\/2025\\\/07\\\/24000-Live-Channels.png\",\"datePublished\":\"2025-07-24T10:36:54+00:00\",\"dateModified\":\"2025-07-31T10:30:16+00:00\",\"description\":\"Desfrute do melhor entretenimento com IPTV Portugal 1 m\u00eas. Acesse milhares de canais, filmes e s\u00e9ries em alta qualidade com total flexibilidade.\",\"breadcrumb\":{\"@id\":\"https:\\\/\\\/iptvportugal.fun\\\/iptv\\\/product\\\/iptv-portugal-1-mes\\\/#breadcrumb\"},\"inLanguage\":\"en-US\",\"potentialAction\":[{\"@type\":\"ReadAction\",\"target\":[\"https:\\\/\\\/iptvportugal.fun\\\/iptv\\\/product\\\/iptv-portugal-1-mes\\\/\"]}]},{\"@type\":\"ImageObject\",\"inLanguage\":\"en-US\",\"@id\":\"https:\\\/\\\/iptvportugal.fun\\\/iptv\\\/product\\\/iptv-portugal-1-mes\\\/#primaryimage\",\"url\":\"https:\\\/\\\/iptvportugal.fun\\\/wp-content\\\/uploads\\\/2025\\\/07\\\/24000-Live-Channels.png\",\"contentUrl\":\"https:\\\/\\\/iptvportugal.fun\\\/wp-content\\\/uploads\\\/2025\\\/07\\\/24000-Live-Channels.png\",\"width\":300,\"height\":300,\"caption\":\"IPTV Portugal 1 m\u00eas\"},{\"@type\":\"BreadcrumbList\",\"@id\":\"https:\\\/\\\/iptvportugal.fun\\\/iptv\\\/product\\\/iptv-portugal-1-mes\\\/#breadcrumb\",\"itemListElement\":[{\"@type\":\"ListItem\",\"position\":1,\"name\":\"Home\",\"item\":\"https:\\\/\\\/iptvportugal.fun\\\/iptv\\\/\"},{\"@type\":\"ListItem\",\"position\":2,\"name\":\"Shop\",\"item\":\"https:\\\/\\\/iptvportugal.fun\\\/iptv\\\/shop\\\/\"},{\"@type\":\"ListItem\",\"position\":3,\"name\":\"Subscri\u00e7\u00e3o de IPTV de 1 m\u00eas\"}]},{\"@type\":\"WebSite\",\"@id\":\"https:\\\/\\\/iptvportugal.fun\\\/iptv\\\/#website\",\"url\":\"https:\\\/\\\/iptvportugal.fun\\\/iptv\\\/\",\"name\":\"IPTV PORTUGAL\",\"description\":\"\",\"publisher\":{\"@id\":\"https:\\\/\\\/iptvportugal.fun\\\/iptv\\\/#organization\"},\"potentialAction\":[{\"@type\":\"SearchAction\",\"target\":{\"@type\":\"EntryPoint\",\"urlTemplate\":\"https:\\\/\\\/iptvportugal.fun\\\/iptv\\\/?s={search_term_string}\"},\"query-input\":{\"@type\":\"PropertyValueSpecification\",\"valueRequired\":true,\"valueName\":\"search_term_string\"}}],\"inLanguage\":\"en-US\"},{\"@type\":\"Organization\",\"@id\":\"https:\\\/\\\/iptvportugal.fun\\\/iptv\\\/#organization\",\"name\":\"IPTV PORTUGAL\",\"url\":\"https:\\\/\\\/iptvportugal.fun\\\/iptv\\\/\",\"logo\":{\"@type\":\"ImageObject\",\"inLanguage\":\"en-US\",\"@id\":\"https:\\\/\\\/iptvportugal.fun\\\/iptv\\\/#\\\/schema\\\/logo\\\/image\\\/\",\"url\":\"https:\\\/\\\/iptvportugal.fun\\\/wp-content\\\/uploads\\\/2025\\\/11\\\/cropped-Portugal.fun-2.png\",\"contentUrl\":\"https:\\\/\\\/iptvportugal.fun\\\/wp-content\\\/uploads\\\/2025\\\/11\\\/cropped-Portugal.fun-2.png\",\"width\":364,\"height\":150,\"caption\":\"IPTV PORTUGAL\"},\"image\":{\"@id\":\"https:\\\/\\\/iptvportugal.fun\\\/iptv\\\/#\\\/schema\\\/logo\\\/image\\\/\"}}]}<\/script>\n<!-- \/ Yoast SEO plugin. -->","yoast_head_json":{"title":"IPTV Portugal 1 m\u00eas","description":"Desfrute do melhor entretenimento com IPTV Portugal 1 m\u00eas. Acesse milhares de canais, filmes e s\u00e9ries em alta qualidade com total flexibilidade.","robots":{"index":"index","follow":"follow","max-snippet":"max-snippet:-1","max-image-preview":"max-image-preview:large","max-video-preview":"max-video-preview:-1"},"canonical":"https:\/\/iptvportugal.fun\/iptv\/product\/iptv-portugal-1-mes\/","og_locale":"en_US","og_type":"article","og_title":"IPTV Portugal 1 m\u00eas","og_description":"Desfrute do melhor entretenimento com IPTV Portugal 1 m\u00eas. Acesse milhares de canais, filmes e s\u00e9ries em alta qualidade com total flexibilidade.","og_url":"https:\/\/iptvportugal.fun\/iptv\/product\/iptv-portugal-1-mes\/","og_site_name":"IPTV PORTUGAL","article_modified_time":"2025-07-31T10:30:16+00:00","og_image":[{"width":300,"height":300,"url":"https:\/\/iptvportugal.fun\/wp-content\/uploads\/2025\/07\/24000-Live-Channels.png","type":"image\/png"}],"twitter_card":"summary_large_image","twitter_misc":{"Est. reading time":"6 minutes"},"schema":{"@context":"https:\/\/schema.org","@graph":[{"@type":"WebPage","@id":"https:\/\/iptvportugal.fun\/iptv\/product\/iptv-portugal-1-mes\/","url":"https:\/\/iptvportugal.fun\/iptv\/product\/iptv-portugal-1-mes\/","name":"IPTV Portugal 1 m\u00eas","isPartOf":{"@id":"https:\/\/iptvportugal.fun\/iptv\/#website"},"primaryImageOfPage":{"@id":"https:\/\/iptvportugal.fun\/iptv\/product\/iptv-portugal-1-mes\/#primaryimage"},"image":{"@id":"https:\/\/iptvportugal.fun\/iptv\/product\/iptv-portugal-1-mes\/#primaryimage"},"thumbnailUrl":"https:\/\/iptvportugal.fun\/wp-content\/uploads\/2025\/07\/24000-Live-Channels.png","datePublished":"2025-07-24T10:36:54+00:00","dateModified":"2025-07-31T10:30:16+00:00","description":"Desfrute do melhor entretenimento com IPTV Portugal 1 m\u00eas. Acesse milhares de canais, filmes e s\u00e9ries em alta qualidade com total flexibilidade.","breadcrumb":{"@id":"https:\/\/iptvportugal.fun\/iptv\/product\/iptv-portugal-1-mes\/#breadcrumb"},"inLanguage":"en-US","potentialAction":[{"@type":"ReadAction","target":["https:\/\/iptvportugal.fun\/iptv\/product\/iptv-portugal-1-mes\/"]}]},{"@type":"ImageObject","inLanguage":"en-US","@id":"https:\/\/iptvportugal.fun\/iptv\/product\/iptv-portugal-1-mes\/#primaryimage","url":"https:\/\/iptvportugal.fun\/wp-content\/uploads\/2025\/07\/24000-Live-Channels.png","contentUrl":"https:\/\/iptvportugal.fun\/wp-content\/uploads\/2025\/07\/24000-Live-Channels.png","width":300,"height":300,"caption":"IPTV Portugal 1 m\u00eas"},{"@type":"BreadcrumbList","@id":"https:\/\/iptvportugal.fun\/iptv\/product\/iptv-portugal-1-mes\/#breadcrumb","itemListElement":[{"@type":"ListItem","position":1,"name":"Home","item":"https:\/\/iptvportugal.fun\/iptv\/"},{"@type":"ListItem","position":2,"name":"Shop","item":"https:\/\/iptvportugal.fun\/iptv\/shop\/"},{"@type":"ListItem","position":3,"name":"Subscri\u00e7\u00e3o de IPTV de 1 m\u00eas"}]},{"@type":"WebSite","@id":"https:\/\/iptvportugal.fun\/iptv\/#website","url":"https:\/\/iptvportugal.fun\/iptv\/","name":"IPTV PORTUGAL","description":"","publisher":{"@id":"https:\/\/iptvportugal.fun\/iptv\/#organization"},"potentialAction":[{"@type":"SearchAction","target":{"@type":"EntryPoint","urlTemplate":"https:\/\/iptvportugal.fun\/iptv\/?s={search_term_string}"},"query-input":{"@type":"PropertyValueSpecification","valueRequired":true,"valueName":"search_term_string"}}],"inLanguage":"en-US"},{"@type":"Organization","@id":"https:\/\/iptvportugal.fun\/iptv\/#organization","name":"IPTV PORTUGAL","url":"https:\/\/iptvportugal.fun\/iptv\/","logo":{"@type":"ImageObject","inLanguage":"en-US","@id":"https:\/\/iptvportugal.fun\/iptv\/#\/schema\/logo\/image\/","url":"https:\/\/iptvportugal.fun\/wp-content\/uploads\/2025\/11\/cropped-Portugal.fun-2.png","contentUrl":"https:\/\/iptvportugal.fun\/wp-content\/uploads\/2025\/11\/cropped-Portugal.fun-2.png","width":364,"height":150,"caption":"IPTV PORTUGAL"},"image":{"@id":"https:\/\/iptvportugal.fun\/iptv\/#\/schema\/logo\/image\/"}}]}},"_links":{"self":[{"href":"https:\/\/iptvportugal.fun\/iptv\/wp-json\/wp\/v2\/product\/3674","targetHints":{"allow":["GET"]}}],"collection":[{"href":"https:\/\/iptvportugal.fun\/iptv\/wp-json\/wp\/v2\/product"}],"about":[{"href":"https:\/\/iptvportugal.fun\/iptv\/wp-json\/wp\/v2\/types\/product"}],"replies":[{"embeddable":true,"href":"https:\/\/iptvportugal.fun\/iptv\/wp-json\/wp\/v2\/comments?post=3674"}],"wp:featuredmedia":[{"embeddable":true,"href":"https:\/\/iptvportugal.fun\/iptv\/wp-json\/wp\/v2\/media\/3683"}],"wp:attachment":[{"href":"https:\/\/iptvportugal.fun\/iptv\/wp-json\/wp\/v2\/media?parent=3674"}],"wp:term":[{"taxonomy":"product_brand","embeddable":true,"href":"https:\/\/iptvportugal.fun\/iptv\/wp-json\/wp\/v2\/product_brand?post=3674"},{"taxonomy":"product_cat","embeddable":true,"href":"https:\/\/iptvportugal.fun\/iptv\/wp-json\/wp\/v2\/product_cat?post=3674"},{"taxonomy":"product_tag","embeddable":true,"href":"https:\/\/iptvportugal.fun\/iptv\/wp-json\/wp\/v2\/product_tag?post=3674"}],"curies":[{"name":"wp","href":"https:\/\/api.w.org\/{rel}","templated":true}]}}